{"id":1048,"date":"2018-05-14T16:33:03","date_gmt":"2018-05-14T16:33:03","guid":{"rendered":"http:\/\/gruene-kreistagsfraktion-hildesheim.de\/?page_id=1048"},"modified":"2018-05-14T16:36:34","modified_gmt":"2018-05-14T16:36:34","slug":"datenschutz","status":"publish","type":"page","link":"http:\/\/gruene-kreistagsfraktion-hildesheim.de\/?page_id=1048","title":{"rendered":"Datenschutz"},"content":{"rendered":"<h2>Datenschutzerkl\u00e4rung<\/h2>\n<p><b>\u00a7\u00a01 Information \u00fcber die Erhebung personenbezogener Daten<\/b><\/p>\n<p>(1) Im Folgenden informieren wir \u00fcber die Erhebung personenbezogener Daten bei Nutzung unserer Website. Personenbezogene Daten sind alle Daten, die auf Sie pers\u00f6nlich beziehbar sind, z. B. Name, Adresse, E-Mail-Adressen, Nutzungsverhalten.<\/p>\n<p>&nbsp;<\/p>\n<p>(2) Verantwortlicher gem. Art.\u00a04 Abs.\u00a07 EU-Datenschutz-Grundverordnung (DS-GVO) ist gem\u00e4\u00df Impressum als Vertretungsberechtiger der Fraktionsvorsitzende Holger Schr\u00f6ter-Mallohn, c\/o Kreishaus, Zimmer-Nr. 279, Bischof-Janssen-Str. 31, 31134 Hildesheim<\/p>\n<p>&nbsp;<\/p>\n<p>(3) Bei Ihrer Kontaktaufnahme mit uns per E-Mail oder \u00fcber ein Kontaktformular werden die von Ihnen mitgeteilten Daten (Ihre E-Mail-Adresse, ggf. Ihr Name und Ihre Telefonnummer) von uns gespeichert, um Ihre Fragen zu beantworten. Die in diesem Zusammenhang anfallenden Daten l\u00f6schen wir, nachdem die Speicherung nicht mehr erforderlich ist, oder schr\u00e4nken die Verarbeitung ein, falls gesetzliche Aufbewahrungspflichten bestehen.<\/p>\n<p><b>\u00a7\u00a02 Ihre Rechte<\/b><\/p>\n<p>(1) Sie haben gegen\u00fcber uns folgende Rechte hinsichtlich der Sie betreffenden personenbezogenen Daten:<\/p>\n<p>\u2013\u00a0\u00a0 Recht auf Auskunft,<\/p>\n<p>\u2013\u00a0\u00a0 Recht auf Berichtigung oder L\u00f6schung,<\/p>\n<p>\u2013\u00a0\u00a0 Recht auf Einschr\u00e4nkung der Verarbeitung,<\/p>\n<p>\u2013\u00a0\u00a0 Recht auf Widerspruch gegen die Verarbeitung,<\/p>\n<p>\u2013\u00a0\u00a0 Recht auf Daten\u00fcbertragbarkeit.<\/p>\n<p>(2) Sie haben zudem das Recht, sich bei einer Datenschutz-Aufsichtsbeh\u00f6rde \u00fcber die Verarbeitung Ihrer personenbezogenen Daten durch uns zu beschweren.<\/p>\n<p>&nbsp;<\/p>\n<table border=\"1\" cellspacing=\"0\" cellpadding=\"0\">\n<tbody>\n<tr>\n<td valign=\"top\" width=\"191\">Aufsichtsbeh\u00f6rde<\/td>\n<td valign=\"top\" width=\"376\">Die Landesbeauftragte f\u00fcr den Datenschutz NiedersachsenBarbara Thiel<\/td>\n<\/tr>\n<tr>\n<td valign=\"top\" width=\"191\">Stra\u00dfe<\/td>\n<td valign=\"top\" width=\"376\">Prinzenstra\u00dfe 5<\/td>\n<\/tr>\n<tr>\n<td valign=\"top\" width=\"191\">PLZ, Stadt<\/td>\n<td valign=\"top\" width=\"376\">30159 Hannover<\/td>\n<\/tr>\n<tr>\n<td valign=\"top\" width=\"191\">Telefon<\/td>\n<td valign=\"top\" width=\"376\">0511-120 4500<\/td>\n<\/tr>\n<tr>\n<td valign=\"top\" width=\"191\">E-Mail<\/td>\n<td valign=\"top\" width=\"376\">poststelle@lfd.niedersachsen.de<\/td>\n<\/tr>\n<\/tbody>\n<\/table>\n<p>&nbsp;<\/p>\n<p><b>\u00a7\u00a03 Erhebung personenbezogener Daten bei Besuch unserer Website<\/b><\/p>\n<p>(1) Bei der informatorischen Nutzung der Website, also wenn Sie sich nicht registrieren oder uns anderweitig Informationen \u00fcbermitteln, erheben wir nur die Daten, die Ihr Browser an unseren Server \u00fcbermittelt. Wenn Sie unsere Website betrachten m\u00f6chten, erheben wir die folgenden Daten, die f\u00fcr uns technisch erforderlich sind, um Ihnen unsere Website anzuzeigen und die Stabilit\u00e4t und Sicherheit zu gew\u00e4hrleisten (Rechtsgrundlage ist Art.\u00a06 Abs.\u00a01 S.\u00a01 lit. f DS-GVO):<\/p>\n<p>\u2013\u00a0\u00a0 IP-Adresse<\/p>\n<p>\u2013\u00a0\u00a0 Datum und Uhrzeit der Anfrage<\/p>\n<p>\u2013\u00a0\u00a0 Zeitzonendifferenz zur Greenwich Mean Time (GMT)<\/p>\n<p>\u2013\u00a0\u00a0 Inhalt der Anforderung (konkrete Seite)<\/p>\n<p>\u2013\u00a0\u00a0 Zugriffsstatus\/HTTP-Statuscode<\/p>\n<p>\u2013\u00a0\u00a0 jeweils \u00fcbertragene Datenmenge<\/p>\n<p>\u2013\u00a0\u00a0 Website, von der die Anforderung kommt<\/p>\n<p>\u2013\u00a0\u00a0 Browser<\/p>\n<p>\u2013\u00a0\u00a0 Betriebssystem und dessen Oberfl\u00e4che<\/p>\n<p>\u2013\u00a0\u00a0 Sprache und Version der Browsersoftware.<\/p>\n<p>(2) Zus\u00e4tzlich zu den zuvor genannten Daten werden bei Ihrer Nutzung unserer Website Cookies auf Ihrem Rechner gespeichert. Bei Cookies handelt es sich um kleine Textdateien, die auf Ihrer Festplatte dem von Ihnen verwendeten Browser zugeordnet gespeichert werden und durch welche der Stelle, die den Cookie setzt (hier durch uns), bestimmte Informationen zuflie\u00dfen. Cookies k\u00f6nnen keine Programme ausf\u00fchren oder Viren auf Ihren Computer \u00fcbertragen. Sie dienen dazu, das Internetangebot insgesamt nutzerfreundlicher und effektiver zu machen.<\/p>\n<p>(3) Sie k\u00f6nnen Ihre Browser-Einstellung entsprechend Ihren W\u00fcnschen konfigurieren und z. B. die Annahme von Third-Party-Cookies oder allen Cookies ablehnen. Wir weisen Sie darauf hin, dass Sie eventuell nicht alle Funktionen dieser Website nutzen k\u00f6nnen.<\/p>\n<p>Hildesheim, 14.5.2018<\/p>\n","protected":false},"excerpt":{"rendered":"<p>Datenschutzerkl\u00e4rung \u00a7\u00a01 Information \u00fcber die Erhebung personenbezogener Daten (1) Im Folgenden informieren wir \u00fcber die Erhebung personenbezogener Daten bei Nutzung unserer Website. Personenbezogene Daten sind alle Daten, die auf Sie pers\u00f6nlich beziehbar sind, z. B. Name, Adresse, E-Mail-Adressen, Nutzungsverhalten. &nbsp; (2) Verantwortlicher gem. Art.\u00a04 Abs.\u00a07 EU-Datenschutz-Grundverordnung (DS-GVO) ist gem\u00e4\u00df Impressum als Vertretungsberechtiger der Fraktionsvorsitzende Holger Schr\u00f6ter-Mallohn, c\/o Kreishaus, Zimmer-Nr. 279, Bischof-Janssen-Str. 31, 31134 Hildesheim &nbsp; (3) Bei Ihrer Kontaktaufnahme mit uns per E-Mail oder \u00fcber ein Kontaktformular werden die von Ihnen mitgeteilten Daten (Ihre E-Mail-Adresse, ggf. Ihr Name und Ihre Telefonnummer) von uns gespeichert, um Ihre Fragen zu beantworten. Die in diesem Zusammenhang anfallenden Daten l\u00f6schen wir, nachdem die Speicherung&#8230;  <a href=\"http:\/\/gruene-kreistagsfraktion-hildesheim.de\/?page_id=1048\" title=\"Read Datenschutz\" class=\"readmore\">Weiterlesen &raquo;<\/a><\/p>\n","protected":false},"author":1,"featured_media":0,"parent":19,"menu_order":0,"comment_status":"closed","ping_status":"closed","template":"","meta":{"ngg_post_thumbnail":0,"footnotes":""},"class_list":["post-1048","page","type-page","status-publish","hentry"],"_links":{"self":[{"href":"http:\/\/gruene-kreistagsfraktion-hildesheim.de\/index.php?rest_route=\/wp\/v2\/pages\/1048","targetHints":{"allow":["GET"]}}],"collection":[{"href":"http:\/\/gruene-kreistagsfraktion-hildesheim.de\/index.php?rest_route=\/wp\/v2\/pages"}],"about":[{"href":"http:\/\/gruene-kreistagsfraktion-hildesheim.de\/index.php?rest_route=\/wp\/v2\/types\/page"}],"author":[{"embeddable":true,"href":"http:\/\/gruene-kreistagsfraktion-hildesheim.de\/index.php?rest_route=\/wp\/v2\/users\/1"}],"replies":[{"embeddable":true,"href":"http:\/\/gruene-kreistagsfraktion-hildesheim.de\/index.php?rest_route=%2Fwp%2Fv2%2Fcomments&post=1048"}],"version-history":[{"count":4,"href":"http:\/\/gruene-kreistagsfraktion-hildesheim.de\/index.php?rest_route=\/wp\/v2\/pages\/1048\/revisions"}],"predecessor-version":[{"id":1053,"href":"http:\/\/gruene-kreistagsfraktion-hildesheim.de\/index.php?rest_route=\/wp\/v2\/pages\/1048\/revisions\/1053"}],"up":[{"embeddable":true,"href":"http:\/\/gruene-kreistagsfraktion-hildesheim.de\/index.php?rest_route=\/wp\/v2\/pages\/19"}],"wp:attachment":[{"href":"http:\/\/gruene-kreistagsfraktion-hildesheim.de\/index.php?rest_route=%2Fwp%2Fv2%2Fmedia&parent=1048"}],"curies":[{"name":"wp","href":"https:\/\/api.w.org\/{rel}","templated":true}]}}

<h2>Datenschutzerklärung</h2>
<p><b>§ 1 Information über die Erhebung personenbezogener Daten</b></p>
<p>(1) Im Folgenden informieren wir über die Erhebung personenbezogener Daten bei Nutzung unserer Website. Personenbezogene Daten sind alle Daten, die auf Sie persönlich beziehbar sind, z. B. Name, Adresse, E-Mail-Adressen, Nutzungsverhalten.</p>
<p>&nbsp;</p>
<p>(2) Verantwortlicher gem. Art. 4 Abs. 7 EU-Datenschutz-Grundverordnung (DS-GVO) ist gemäß Impressum als Vertretungsberechtiger der Fraktionsvorsitzende Holger Schröter-Mallohn, c/o Kreishaus, Zimmer-Nr. 279, Bischof-Janssen-Str. 31, 31134 Hildesheim</p>
<p>&nbsp;</p>
<p>(3) Bei Ihrer Kontaktaufnahme mit uns per E-Mail oder über ein Kontaktformular werden die von Ihnen mitgeteilten Daten (Ihre E-Mail-Adresse, ggf. Ihr Name und Ihre Telefonnummer) von uns gespeichert, um Ihre Fragen zu beantworten. Die in diesem Zusammenhang anfallenden Daten löschen wir, nachdem die Speicherung nicht mehr erforderlich ist, oder schränken die Verarbeitung ein, falls gesetzliche Aufbewahrungspflichten bestehen.</p>
<p><b>§ 2 Ihre Rechte</b></p>
<p>(1) Sie haben gegenüber uns folgende Rechte hinsichtlich der Sie betreffenden personenbezogenen Daten:</p>
<p>–   Recht auf Auskunft,</p>
<p>–   Recht auf Berichtigung oder Löschung,</p>
<p>–   Recht auf Einschränkung der Verarbeitung,</p>
<p>–   Recht auf Widerspruch gegen die Verarbeitung,</p>
<p>–   Recht auf Datenübertragbarkeit.</p>
<p>(2) Sie haben zudem das Recht, sich bei einer Datenschutz-Aufsichtsbehörde über die Verarbeitung Ihrer personenbezogenen Daten durch uns zu beschweren.</p>
<p>&nbsp;</p>
<table border="1" cellspacing="0" cellpadding="0">
<tbody>
<tr>
<td valign="top" width="191">Aufsichtsbehörde</td>
<td valign="top" width="376">Die Landesbeauftragte für den Datenschutz NiedersachsenBarbara Thiel</td>
</tr>
<tr>
<td valign="top" width="191">Straße</td>
<td valign="top" width="376">Prinzenstraße 5</td>
</tr>
<tr>
<td valign="top" width="191">PLZ, Stadt</td>
<td valign="top" width="376">30159 Hannover</td>
</tr>
<tr>
<td valign="top" width="191">Telefon</td>
<td valign="top" width="376">0511-120 4500</td>
</tr>
<tr>
<td valign="top" width="191">E-Mail</td>
<td valign="top" width="376">poststelle@lfd.niedersachsen.de</td>
</tr>
</tbody>
</table>
<p>&nbsp;</p>
<p><b>§ 3 Erhebung personenbezogener Daten bei Besuch unserer Website</b></p>
<p>(1) Bei der informatorischen Nutzung der Website, also wenn Sie sich nicht registrieren oder uns anderweitig Informationen übermitteln, erheben wir nur die Daten, die Ihr Browser an unseren Server übermittelt. Wenn Sie unsere Website betrachten möchten, erheben wir die folgenden Daten, die für uns technisch erforderlich sind, um Ihnen unsere Website anzuzeigen und die Stabilität und Sicherheit zu gewährleisten (Rechtsgrundlage ist Art. 6 Abs. 1 S. 1 lit. f DS-GVO):</p>
<p>–   IP-Adresse</p>
<p>–   Datum und Uhrzeit der Anfrage</p>
<p>–   Zeitzonendifferenz zur Greenwich Mean Time (GMT)</p>
<p>–   Inhalt der Anforderung (konkrete Seite)</p>
<p>–   Zugriffsstatus/HTTP-Statuscode</p>
<p>–   jeweils übertragene Datenmenge</p>
<p>–   Website, von der die Anforderung kommt</p>
<p>–   Browser</p>
<p>–   Betriebssystem und dessen Oberfläche</p>
<p>–   Sprache und Version der Browsersoftware.</p>
<p>(2) Zusätzlich zu den zuvor genannten Daten werden bei Ihrer Nutzung unserer Website Cookies auf Ihrem Rechner gespeichert. Bei Cookies handelt es sich um kleine Textdateien, die auf Ihrer Festplatte dem von Ihnen verwendeten Browser zugeordnet gespeichert werden und durch welche der Stelle, die den Cookie setzt (hier durch uns), bestimmte Informationen zufließen. Cookies können keine Programme ausführen oder Viren auf Ihren Computer übertragen. Sie dienen dazu, das Internetangebot insgesamt nutzerfreundlicher und effektiver zu machen.</p>
<p>(3) Sie können Ihre Browser-Einstellung entsprechend Ihren Wünschen konfigurieren und z. B. die Annahme von Third-Party-Cookies oder allen Cookies ablehnen. Wir weisen Sie darauf hin, dass Sie eventuell nicht alle Funktionen dieser Website nutzen können.</p>
<p>Hildesheim, 14.5.2018</p>

<p>Datenschutzerklärung § 1 Information über die Erhebung personenbezogener Daten (1) Im Folgenden informieren wir über die Erhebung personenbezogener Daten bei Nutzung unserer Website. Personenbezogene Daten sind alle Daten, die auf Sie persönlich beziehbar sind, z. B. Name, Adresse, E-Mail-Adressen, Nutzungsverhalten. &nbsp; (2) Verantwortlicher gem. Art. 4 Abs. 7 EU-Datenschutz-Grundverordnung (DS-GVO) ist gemäß Impressum als Vertretungsberechtiger der Fraktionsvorsitzende Holger Schröter-Mallohn, c/o Kreishaus, Zimmer-Nr. 279, Bischof-Janssen-Str. 31, 31134 Hildesheim &nbsp; (3) Bei Ihrer Kontaktaufnahme mit uns per E-Mail oder über ein Kontaktformular werden die von Ihnen mitgeteilten Daten (Ihre E-Mail-Adresse, ggf. Ihr Name und Ihre Telefonnummer) von uns gespeichert, um Ihre Fragen zu beantworten. Die in diesem Zusammenhang anfallenden Daten löschen wir, nachdem die Speicherung&#8230;  <a href="http://gruene-kreistagsfraktion-hildesheim.de/?page_id=1048" title="Read Datenschutz" class="readmore">Weiterlesen &raquo;</a></p>
